reatest common divisor of a and 87.
29
Suppose 5*x - 5*m - 9055 = 0, 2*x + 48*m - 3642 = 45*m. What is the highest common factor of 30 and x?
15
Let r be (-2 + -180)*(-4 + (7 - 4)). Let j be (-78)/r + (-1312)/(-7). Calculate the greatest common divisor of j and 17.
17
Suppose 0*l + 300 = 5*l. Suppose -4*h = -5*h - 5*f + 32, -4*h = 3*f - l. Let q be 0/(-3) - -4 - (1 + -21). What is the highest common factor of h and q?
12
Let a = 52945 + -52714. Let o be ((-4)/6)/(2/(-198)). Calculate the highest common factor of a and o.
33
Suppose -16*g = -7*g - 18. Let w(m) = 5*m - 2. Let c be w(g). Let o(k) = k**2 - 21*k - 42. Let b be o(23). Calculate the highest common divisor of b and c.
4
Let j = 209 - 181. Suppose -5*l + 1199 + 621 = 0. What is the greatest common factor of l and j?
28
Let f = -7828 - -8568. What is the greatest common factor of 12 and f?
4
Suppose -8*v + 6 = -5*v. Let w be v*1/2*56 - -2. What is the highest common divisor of w and 174?
58
Let w(d) = -16*d - 187. Let t be w(-12). Suppose -t*u + 450 = 5*u. Calculate the highest common factor of 81 and u.
9
Let q(d) = 2*d**2 - 1 + 10 - 4*d - 5*d + 0*d**2. Let p = -27 - -33. Let t be q(p). What is the highest common divisor of t and 135?
27
Let v(s) = -834*s + 1943. Let y be v(-2). Calculate the greatest common divisor of y and 23.
23
Let h be 9/(-15) - 1570/50. Let p be 48/h + (-3)/2. Let t be p/(-18) - 143/(-6). Calculate the highest common divisor of t and 3.
3
Let r(n) = -142*n - 2512. Let x be r(-19). What is the highest common divisor of x and 3?
3
Suppose -3*n = 16*g - 17*g - 1452, -3*n + 1443 = 2*g. What is the greatest common divisor of n and 276?
69
Let b(f) = 46*f - 332. Let a be b(10). What is the highest common factor of a and 12?
4
Let p = 4 + -3. Let i = 870 + -853. Calculate the greatest common factor of p and i.
1
Let x = 325 - 313. Let y be (-5874)/(-396) - (-2)/x. Calculate the highest common factor of 65 and y.
5
Let a be (-11 + 12)/(((-9)/(-39))/3). Suppose 8 = 2*q, -2*d + 2*q + a - 5 = 0. Calculate the greatest common divisor of 52 and d.
4
Let i(f) = -4*f**2 + f. Let x be i(7). Let y be (x/(-2))/((-51)/(-68)). Let c = -70 + y. Calculate the highest common factor of c and 28.
28
Suppose 6*t + 5*i - 40 = 2*t, 3*i + 50 = 5*t. Let n be t/4*10/1. Suppose 55*m - 750 = 45*m. Calculate the greatest common factor of n and m.
25
Suppose -5*n + 198 = -997. Suppose -3*h + n = -76. Suppose 2*g - 53 = -r - 21, 0 = -g - 13*r + 41. What is the greatest common divisor of h and g?
15
Suppose -3*n + 300*x - 295*x + 14409 = 0, 2*n - 9607 = 3*x. What is the greatest common divisor of 16 and n?
8
Let h = 12500 - 12458. Calculate the highest common divisor of 1484 and h.
14
Suppose p = 4*x + 3074, 532*x + 3073 = p + 527*x. What is the greatest common divisor of p and 190?
38
Let l be -1*(-12 - (-12 + 4)). Suppose 2*b = 4*v - 58 + 78, 0 = -l*b - 4*v - 8. What is the highest common divisor of 23 and b?
1
Let x(a) be the first derivative of -3*a**2/2 - a + 20. Let v be x(-3). Let d be 3 - (-3 - v/2). Calculate the highest common divisor of 15 and d.
5
Suppose 8*f = 16*f + 400. Let v = f + 64. Calculate the highest common divisor of 658 and v.
14
Let o be ((-2)/(-2))/(1/81). Let a = -553 - -558. Suppose 5*u - a*c = 30, 0 = 5*u + 5*c - 19 - 41. Calculate the greatest common divisor of u and o.
9
Let j = -10 + 6. Let q(d) = 1491*d**2 - 2980*d**2 - 2*d + d**3 + 6 + 1494*d**2. Let m be q(j). What is the greatest common factor of 20 and m?
10
Let l(z) = 32474*z + 357582. Let a be l(-11). Suppose -o = -24 - 22. What is the highest common divisor of o and a?
46
Let u be (-1 + -1)/((-104)/(-11180)). Let a = 257 + u. Calculate the greatest common factor of 70 and a.
14
Let h(g) = -g**2 - 9*g + 21. Let m(p) = p**3 - 17*p**2 + 14*p + 23. Let x be m(16). Let i be h(x). What is the highest common divisor of i and 21?
21
Suppose 8 + 7 = 3*v, 5*d = -4*v + 85. Let z = 965 - 652. Suppose 98 = -3*w - 2*o + 299, 5*w - 4*o = z. What is the highest common factor of w and d?
13
Suppose -2*k = -4*y - 84, -3*k + 17*y = 18*y - 147. Suppose -3*a + 27 = -0. What is the highest common factor of k and a?
3
Let q(b) = -b**3 - 72*b**2 + 74*b + 100. Let d be q(-73). Calculate the highest common factor of 1161 and d.
27
Let m be (-6)/9 - 4/(-6). Suppose m = 7*g - g - 312. Let x = -30 - -34. What is the highest common divisor of g and x?
4
Let f(b) = 21*b - 1869 + 5*b + 1787. Let j be f(6). Calculate the greatest common factor of j and 2.
2
Let t(w) = 9*w**2 - 10*w - 4. Let i be t(-4). Suppose -20*s = -22*s + i. What is the greatest common divisor of s and 60?
30
Let o = -692 + 696. Suppose 176 = -o*h + 5*h + 5*q, 0 = 4*q. Suppose -30 = -5*g + 50. Calculate the greatest common divisor of g and h.
16
Suppose 4*d = 3*a - 116, -173*a = -177*a - 5*d + 72. Calculate the highest common divisor of a and 17164.
28
Suppose 29*g - 1314 - 6661 = 0. Calculate the greatest common factor of 75 and g.
25
Let t(f) = -41*f + 61 + 83*f - 40*f. Let d be t(-12). Calculate the highest common divisor of 111 and d.
37
Let t(c) = -30*c - 376. Let s be t(-14). Suppose 0*g - i + 221 = g, -4*i = g - 224. Let a = -154 + g. Calculate the highest common divisor of s and a.
22
Let v be (185/25 - 7)*-600. Let b = v + 625. Calculate the greatest common factor of 70 and b.
35
Let j = 11 + -2. Suppose 95 = -n + 18. Let f = n + 167. Calculate the greatest common divisor of f and j.
9
Suppose 0 = 7*v + 14*v - 6901 - 1331. Calculate the greatest common factor of 64 and v.
8
Let x be 24/(-60) - 32/(-5). Suppose -8*v = 2*b - 914, -v + 2*b + 20 + 92 = 0. What is the greatest common divisor of x and v?
6
Suppose -3*p = -4*p + 419 + 232. Calculate the greatest common divisor of p and 1209.
93
Let q(x) = 4*x - 16. Let v be q(4). Suppose v = -4*h + 121 + 55. Let i = 76 - 72. Calculate the highest common factor of i and h.
4
Let j(l) = 19*l**3 - 4*l**2 + 2*l. Let i be j(2). Let g be 31*(-62)/(-18259) - 3/(228/(-6376)). What is the highest common factor of g and i?
28
Let y(u) = -6141*u**3 - u**2 - 78*u - 76. Let w be y(-1). Calculate the highest common divisor of 498 and w.
166
Let f = -1687 + 1689. Suppose -4*y - f*h = -206, -44 = -y - 2*h - 0*h. Let j be 2/8 + 23/4. Calculate the greatest common divisor of y and j.
6
Let u(d) = d**3 + 23*d**2 + 129*d + 44. Let o be u(-10). Calculate the highest common factor of 2178 and o.
18
Suppose -10*u + 12 + 168 = 0. Let i = -3 + u. Let n = 302 - 167. What is the greatest common divisor of n and i?
15
Let i(x) = 11*x**2 - 75*x + 189. Let n be i(3). Suppose -2*l = -l - 84. What is the greatest common divisor of l and n?
21
Let n(h) = 162*h**2 - 112*h + 334. Let f be n(3). Calculate the highest common factor of f and 819.
91
Let k be -4*((-14)/4 - -2). Suppose 0 = k*r + r - 77. Let u = 76 - 10. Calculate the greatest common divisor of r and u.
11
Let m = 860 - 520. What is the highest common divisor of 16 and m?
4
Suppose -50*t - 140*t + 309048 = -32*t. Calculate the highest common factor of 60 and t.
12
Let c(a) = 3*a**2 - 11*a - 29. Let d be c(6). Let z be 3/((78/476)/d). What is the greatest common divisor of 42 and z?
14
Suppose -u - 196 = -2*k, -2*k = -3*u - 90 - 98. Let i = 15 - -10. What is the greatest common factor of i and k?
25
Suppose -3*n + 20 = -16. Let d = 201 + -506. Let z = -296 - d. Calculate the highest common factor of z and n.
3
Suppose -36*s + 39*s - 138 = 0. Suppose -o - 9 = 3*g - s, 5*o + 4*g - 207 = 0. Calculate the greatest common factor of o and 387.
43
Let f be (-3)/(4/(48/9))*-58. Let b = f - 12. Let k be 30 - 8 - (-4)/(-2). Calculate the greatest common factor of k and b.
20
Let i(j) = 2*j + 3*j + 1 + 5 - j**2 + 3. Let c be i(6). Suppose -2*x + 15 = -2*s + c*s, -s - 10 = -3*x. What is the highest common divisor of 2 and x?
1
Let s be ((-6)/(-9))/(8/(-6))*-388. Suppose -s = 8*j - 546. Suppose -11*r = -0*r - j. Calculate the highest common factor of r and 8.
4
Let i be (-12 - 0)*11/((-99)/(-42)). Let j = 60 + i. Let l be 0 + -2 + 60/j. What is the greatest common divisor of l and 52?
13
Let a(j) = -185*j - 931. Let f be a(-14). Calculate the highest common divisor of f and 105.
21
Let f(z) be the first derivative of -21*z**4/4 + z**3/3 - 55. Let m be f(-1). What is the greatest common factor of 121 a